?
19
Let u = 3 + 0. Suppose 3*q - u = v, 4*q + v - 4 = 6*v. Suppose 0 = y - 4*x - 1, -3*y + q = 3*x - 62. Calculate the greatest common divisor of y and 17.
17
Suppose -35 = -j + 72. Let s(c) = -4*c**2 + 4*c + 1. Let p be s(-3). Let z = p + j. What is the greatest common divisor of 24 and z?
12
Suppose 0 = -p - 1, 3*g = -2*g - 4*p + 171. Calculate the greatest common factor of g and 10.
5
Suppose -42 = -11*n + 13. What is the highest common factor of 15 and n?
5
Let f(w) = 14*w + 11. Let n be f(6). Calculate the greatest common divisor of 19 and n.
19
Suppose 0 = 5*y - 2*y - 6. Let m be (-1 + y - 2)*0. Suppose c + m*c = 8. Calculate the highest common factor of c and 1.
1
Let b be (-3)/(-12)*2*216. Let m(x) = -x**3 + 6*x**2 + 2*x. Let o be m(6). Calculate the highest common factor of o and b.
12
Let t(v) = 3*v**2 + 14*v - 8. Let s be t(-8). Suppose 4 = -5*i + 114. Let f = 31 - i. Calculate the greatest common factor of s and f.
9
Let h be (7/(28/(-8)))/(-1). Suppose 3*j + 35 = h*z, -5 = -z + j + 15. What is the highest common factor of z and 10?
5
Let c(u) = u**2 - u + 72. Let m be c(0). What is the highest common divisor of 9 and m?
9
Suppose 30 = o + 2*o + 4*s, 17 = o - s. Calculate the highest common divisor of o and 14.
14
Let r = -1 - 159. Let a be (27/(-2))/(12/r). Calculate the greatest common factor of a and 20.
20
Suppose 5*w - 54 = -4*u, -4*u = w - 0*u - 14. Calculate the highest common divisor of 110 and w.
10
Suppose -2*l + 4 = -4*i, -2*i - 4 = 2*l + 2*i. Suppose l = 3*p - 4*s - 150, -5 = 5*p - 3*s - 266. What is the highest common factor of p and 6?
6
Suppose 8*o - 127 - 65 = 0. Calculate the highest common divisor of o and 3.
3
Let c(f) = -f**3 + 6*f**2 + f - 4. Let i be c(6). Suppose -q + i*q - 42 = 0. Calculate the highest common divisor of q and 6.
6
Suppose -5*h - 6 = -3*r + 240, 2*r + 4*h - 142 = 0. Let a = -13 - -24. Calculate the highest common factor of a and r.
11
Let f = 5 - 5. Let l(c) = -c**2 + 24. Let m be l(f). Calculate the highest common factor of 60 and m.
12
Let y(g) = -g + 1. Let a be 5 + -3 - (-5)/(-1). Let s be y(a). What is the highest common divisor of 1 and s?
1
Suppose 30 = -c + 6*c. Suppose -2*q - c = -32. Let s = -10 - -36. Calculate the greatest common factor of s and q.
13
Let b(n) = -n**3 - 9*n**2 - 11*n - 12. Let f be b(-8). Calculate the greatest common divisor of f and 24.
12
Suppose -5*s = 52 - 242. Calculate the greatest common factor of 38 and s.
38
Let x be ((-5*12)/(-3))/1. Calculate the highest common factor of 40 and x.
20
Suppose 4*r - 2*u = 86, -5*r = -0*u + u - 104. Let y be 59/(-2) + 1/(-2). Let t = 44 + y. What is the greatest common divisor of r and t?
7
Let c = -114 - -270. Suppose 3*n - 3*x - 108 = 0, 4*n - x - c = -0*n. What is the highest common divisor of 16 and n?
8
Let i = -22 + 31. What is the highest common factor of i and 18?
9
Let m = 4 - 6. Let d = m - -15. Calculate the highest common divisor of d and 91.
13
Let z be 8/12*-3*-68. Calculate the highest common factor of 8 and z.
8
Suppose -5*d + 122 - 372 = 0. Let s = 204 + d. Suppose 3*o - 44 - s = 0. What is the greatest common divisor of 6 and o?
6
Let m(r) = 2*r**2 - 3*r + 4. Let b be m(2). Let n(v) = 3*v**2 - 11*v + 13. Let g be n(b). What is the highest common divisor of g and 5?
5
Let v = 58 + -12. Suppose -4*g + g = -6, m = -3*g + v. Let n be (-2 + 18)/2 + 2. What is the greatest common divisor of m and n?
10
Suppose 3*q - 17 = -0*q - p, 5*q - 25 = -5*p. What is the greatest common divisor of 30 and q?
6
Let z(g) = 6*g**3 - g**2 + 1. Suppose 5*s = 4*s + 4. Suppose 3 = s*c - c. Let l be z(c). Calculate the highest common factor of 2 and l.
2
Let f = 6 - 13. Let h = f + 11. Suppose h*a + 3*j = 4*j + 15, 4*a - 3 = -3*j. What is the greatest common divisor of a and 24?
3
Let u(f) = -f**2 - 5*f. Let t be u(-4). Let y = 11 - 7. Calculate the highest common factor of t and y.
4
Let f(w) = w**3 + 5*w**2 - w + 1. Let c be f(-5). Suppose -3*q - 2 = 4. Let y be q/(-11) - 84/(-22). Calculate the greatest common divisor of y and c.
2
Let v be (-138)/(-9) - (-2)/3. What is the greatest common factor of 16 and v?
16
Let o = -17 + 6. Let x = o - -18. Suppose h = 4*g - 0 + x, 0 = 4*h + g - 45. What is the highest common factor of h and 121?
11
Let v(s) = 8*s - 5. Let l be v(5). Suppose 6*u - 6 = 4*u. Suppose -u*w = 2*p - 21, 0 = 3*w + 5*p - 45 + 15. What is the greatest common divisor of l and w?
5
Suppose 1321 = 3*q + j, 4*q - 536 - 1228 = -4*j. Suppose 3*x = x + q. Calculate the greatest common divisor of x and 20.
20
Let i(u) = -u + 5. Let a be i(5). Let z be -1 - (-2 + 2 + 0). Let w be 4 + 0 + a + z. Calculate the greatest common factor of 9 and w.
3
Let h(x) = -x**2 - 15*x + 6. Let g be h(-12). Calculate the highest common factor of 14 and g.
14
Suppose -13*k = 7*k - 2340. What is the greatest common divisor of k and 78?
39
Let d be 3*1/6*2. Let m be 65 + (-4 - -1) + d. What is the highest common factor of 9 and m?
9
Let u(s) = 4*s + s**2 - 12*s**3 + 4*s - 2*s + 1 - 4*s. Let a be u(-1). What is the highest common divisor of 12 and a?
12
Suppose 3*u + 4*t - 62 = 2*t, t + 101 = 4*u. What is the highest common factor of 3 and u?
3
Let p = 162 + -87. Calculate the highest common factor of 25 and p.
25
Let q = 26 - 16. Let u be (12 - 20)*(0 - q). What is the highest common divisor of 10 and u?
10
Let m(r) = -r + 7. Let w be m(5). Suppose -5*y + 18 = -4*y. Calculate the highest common divisor of w and y.
2
Let y = -37 + 82. Calculate the highest common factor of 9 and y.
9
Let v be 8/(-3)*15/(-4). Suppose -v*h + 9*h = -24. What is the highest common factor of h and 16?
8
Let y(k) = k**3 + 3*k**2 - 5*k - 5. Let d be y(-4). Suppose -4*t + 142 = -18. Let q be ((-4)/2 - t)/d. What is the greatest common divisor of q and 28?
14
Suppose 0 = -4*g + 7*g. Suppose g = 4*u - w - 508, 3*u - u - w = 256. What is the greatest common factor of u and 14?
14
Let i be ((-30)/9)/(2/(-3)). Suppose -i*m = 4*u - 198, 5*m - 4*u + 6*u - 204 = 0. What is the greatest common factor of m and 6?
6
Let v be (-48)/(-30)*(-610)/4. Let s = 348 + v. What is the greatest common divisor of s and 13?
13
Let b be 86/6 + (-2)/6. Let x(n) = -n**2 - n - 10. Let d be x(5). Let t = 110 + d. What is the highest common factor of t and b?
14
Suppose 4*l - 49 = l + 4*v, -2*v - 2 = 0. Suppose -5*t = -4*t - 120. What is the greatest common divisor of t and l?
15
Suppose -5*a + 5*h + 740 = 0, 2*a - 136 = -3*h + 140. Calculate the greatest common factor of 16 and a.
16
Let x = 22 + -10. Suppose d + d = x. Let j be ((-3)/2)/(1/(-2)). What is the greatest common factor of j and d?
3
Let u(r) be the first derivative of -r**4/4 - 2*r**3 + r**2 + 5*r + 3. Let j be u(-7). Calculate the highest common divisor of 5 and j.
5
Let z = -535 + 552. Suppose 4*l - 20 = 0, x + 4*l - 24 = 13. Calculate the highest common factor of x and z.
17
Suppose -2*v = -0*v. Let j = 3 + v. Calculate the highest common factor of j and 27.
3
Let l be (-659)/(-2) + (-3)/(-6). Suppose 9*q - l = 4*q. What is the greatest common factor of 6 and q?
6
Let q = -384 + 549. What is the highest common factor of 15 and q?
15
Let v(q) = q**2 - q - 6. Suppose -3*k - 5*t = -7*k + 69, -3*t - 48 = -3*k. Let w be v(k). What is the greatest common factor of w and 13?
13
Let y be 10 + (48/2)/6. What is the highest common divisor of 112 and y?
14
Suppose -y - 266 = -274. Suppose 3 = 3*t - 3. Suppose -t*m = -3*m + 80. Calculate the highest common factor of m and y.
8
Let z = 73 - 39. Suppose -s + 5*t + 26 = 0, -4*t + 0*t = -2*s + z. Calculate the greatest common factor of s and 55.
11
Suppose -2*b = 2*b - 80. Suppose -2*o = -0*o - 16. What is the highest common factor of o and b?
4
Suppose 0*j = -9*j + 414. Calculate the highest common divisor of j and 230.
46
Let s be 3*34/6*9. Let b = 47 - 30. Calculate the highest common factor of s and b.
17
Suppose 67*d + 68 = 69*d. Calculate the highest common divisor of d and 68.
34
Let u(k) = -k**3 + 9*k**2 - 8*k + 12. Let j be u(8). Suppose -3*w + j + 45 = 0. What is the highest common factor of 19 and w?
19
Suppose 3*b = 5*s + 2 + 33, 0 = -4*b + 3*s + 32. Let p(t) = 5*t**2 + t - 1. Let m be p(1). What is the greatest common factor of m and b?
5
Suppose 0 = 4*k - 17 - 3. Suppose 115 = -